 units digit of m(l)?
2
Let d(f) = f**2 + 5*f + 6. Let y be 185/30 + (-2)/12. Let c be d(y). Suppose -4*z + 72 = -c. What is the tens digit of z?
3
Let a(o) = 2*o**2 + 6*o - 5. Let q be a(-5). Let z = q + -13. Suppose 2*w + 20 = 4*n - 68, 2*n = z*w + 48. What is the tens digit of n?
2
Suppose -2040 = -379*q + 371*q. What is the tens digit of q?
5
Let o(v) = 0 + 4 - v - 5*v**2 - 3*v**3 - 1. Let b be o(-3). Let x = b - 25. What is the tens digit of x?
1
Let u = 17 - 10. Let h(f) = -3*f**3 + 35*f**2 - 12*f + 4. Let x(p) = -p**3 + 12*p**2 - 4*p + 1. Let t(z) = 4*h(z) - 11*x(z). What is the units digit of t(u)?
6
Let y be (2/(-6))/((-5)/60). Suppose 14 = -3*q - b, 3*b + 32 = -y*q - b. Let w(i) = -i + 1. What is the units digit of w(q)?
4
Suppose 77 = w + 72. Suppose -3*x = x + w*d - 244, 0 = -4*x - 2*d + 256. What is the tens digit of x?
6
Suppose -8*l + 20413 = 2837. What is the thousands digit of l?
2
Suppose -69*y = -66*y - 486. What is the tens digit of y?
6
Let x = 866 + 113. What is the tens digit of x?
7
Let y = 30 + -36. Let x = y - -13. What is the units digit of x?
7
Let f(r) = 13*r - 8. Let p = -44 + 45. What is the units digit of f(p)?
5
Suppose -2*x = -42 - 26. Let j = x + -18. What is the tens digit of j?
1
Let v = 1575 + -809. What is the units digit of v?
6
Let y be -12 + 1 + 4/(-2). Suppose 2*q - 2*j + 36 = 0, -j = -q + 3*j - 6. Let i = y - q. What is the units digit of i?
9
Suppose -2*d = -114 - 418. Suppose -d = 5*n - 1081. Suppose -4*r - n = -3*x - 0*x, 4*x + 5*r = 176. What is the tens digit of x?
4
Let h(l) = l**2 - 5*l + 4. Let z be h(5). Suppose -z*y = -3*m - 234, -5*y = -5*m - 67 - 228. What is the units digit of y*(15/3 + -4)?
7
Suppose -3*s + 2*x + 20 = 0, -2*x - 3 = 5. Suppose 233 = s*p + 29. Suppose 0 = -4*a + 3*c + 67, -a + 3*c + p = 2*a. What is the tens digit of a?
1
Let x = 714 - -709. What is the units digit of x?
3
Suppose 2*z - 16 + 4 = 0. Let t(a) = a**2 - 5*a - 2. Let b be t(z). Suppose 4*j + n - 8 = j, -j = b*n - 21. What is the units digit of j?
1
Let f(y) = y**3 + 23*y**2 + 28*y - 202. What is the hundreds digit of f(-18)?
9
Let z be (10 + (2 - 6))*2/4. Let o = -4 - -7. Suppose -5*r + 60 = -o*d + d, -d = -z*r + 36. What is the tens digit of r?
1
Let s be 54/14 + (-5)/(-35). Suppose -2*w + s*v = -250, 2*w - 4*w = v - 240. What is the units digit of w?
1
Suppose -6*c = -2584 + 430. What is the tens digit of c?
5
Let d be (1/(-2))/((-2)/(-24)). Let j be 4/d*-6 + 3. Suppose 0 = m - 4*n - 17, 2*m - j = -m + n. What is the units digit of m?
1
Suppose 0 = -36*b + 43*b - 2807. What is the tens digit of b?
0
Let x = -929 - -2059. What is the tens digit of x?
3
Suppose -9 + 6 = -3*j. Suppose -4*h - j = 2*z + 17, -z - 21 = 5*h. What is the units digit of (-4 - z) + (0 - -8)?
5
Suppose 4*c + 131 = -3*j, -j - 1 = -0*j. Let r = 29 - 41. Let x = r - c. What is the tens digit of x?
2
Suppose 0 = 29*a - 156710 + 56805. What is the units digit of a?
5
Let f(y) = 0*y - 2*y**2 + 7*y**2 - y. Let j be f(1). Suppose 2*g = -2*l + 6, -j*l = -2*g + 6 + 12. What is the units digit of g?
5
Let p(n) = 5 + 0*n**2 - 3*n**2 + 6*n**3 + 5*n - 14. Let x(q) = -5*q**3 + 3*q**2 - 4*q + 8. Let r(s) = 6*p(s) + 7*x(s). What is the units digit of r(-2)?
2
Suppose 39*z - 42*z - 6 = 0. What is the units digit of (-8)/z + -14 + 98?
8
Suppose -2*q - 2*q - 2620 = -5*b, -2620 = -5*b + 3*q. What is the tens digit of b?
2
Let a = 1643 - 983. What is the hundreds digit of a?
6
What is the hundreds digit of 3 - (-130 - -3*16/12)?
1
What is the hundreds digit of 3/(-12) + 6747/12 - 2?
5
Let x be 69/7 - 0 - (-5)/35. What is the units digit of 8/(-4)*(-4)/x*80?
4
Let o = 8 - 18. Let q be o/35 + (-37)/(-7). Suppose -184 = -q*n - 59. What is the units digit of n?
5
Suppose -3*t - 4*r = -3*r - 57, 5*t + 5*r = 95. Let k = t + -15. Suppose m + k*m - 155 = 0. What is the units digit of m?
1
Let m be 34/6 - 3 - (-3)/9. Suppose 4*y + m*y = 434. What is the tens digit of y?
6
Suppose -r + 3*r = -26. Let t = -8 - r. Suppose 2*p - 43 = o - 0*o, p - t*o = 26. What is the units digit of p?
1
Let a = 57 + -49. Let n be -2 + 2/2 + 8. Let l = n + a. What is the tens digit of l?
1
Suppose 3*l = 2*y + 1, -3*y - 2 = 2*l + 6. Let f be (-480)/(-50)*5/l. What is the tens digit of (f/(-60))/(2/85)?
3
Let f(k) = 7*k**2 + 1. Let q be f(-1). Suppose 0 = 2*v + q - 12. What is the tens digit of (v - 6)/((-3)/48)?
6
Let u = -68 - -24. What is the tens digit of ((-10)/4 - -4)*u/(-6)?
1
Suppose -24*x = 2*x - 6370. What is the units digit of x?
5
What is the hundreds digit of 726/(-5)*9/((-54)/15)?
3
Let x(v) be the first derivative of v**4/4 + 2*v**3 - 3*v**2/2 + 3. What is the units digit of x(-6)?
8
Let m(f) = 4 + 4*f**2 - 17*f - 2*f**2 - f**2. Let u be m(17). Suppose y = -u*y + 255. What is the units digit of y?
1
Let t = -17 - -20. Suppose -10 = -t*p + 2. Suppose -p = 2*i, 3*i = 3*d + 7*i - 76. What is the units digit of d?
8
Suppose 0 = d + 3*d - 600. Suppose d = 10*o - 180. What is the units digit of o?
3
Suppose 11*d = 15*d - 2*i - 14332, -3*i = 5*d - 17893. What is the tens digit of d?
8
Suppose -3*w + 6 = -0*w. Suppose -m - 4*l - 25 = -10, 2*l = w*m. What is the units digit of (18/m)/(-3) - -23?
5
Let f be (-6)/15 + (-81)/(-15). Let b(n) = n**3 - 4*n**2 - 3*n + 2. Let q be b(f). What is the tens digit of (45/q)/(15/40)?
1
Suppose 3*b + 119 - 131 = 0. What is the units digit of (1 - 2)/((-4)/(65*b))?
5
Suppose 0 = -43*p - 4*p + 33323. What is the hundreds digit of p?
7
What is the tens digit of 6*-646*8/(-32)?
6
Let j(u) = 5*u**3 - 5*u**2 - 6*u + 4. Suppose -2*d - 2*g = -8, 4*d - 16 = g - 3*g. What is the hundreds digit of j(d)?
2
What is the hundreds digit of 3646/(-6)*(7 + -10)?
8
Let v(a) = -2*a**3 - 12*a**2 - 8*a - 15. What is the tens digit of v(-8)?
0
Suppose 0 = -2*s + 3*u + 516, 5*s + 512 = 7*s - 4*u. What is the hundreds digit of s?
2
Let a(b) = -b**3 - 7*b**2 - 3*b + 4. Let j = -34 - -71. Suppose -5*u - j = -2*g, -u + 5*g - 2 = 10. What is the tens digit of a(u)?
2
Let w(o) = 4*o - 26. Let y be w(7). Suppose 2*d + 146 = 3*s + 23, 84 = y*s - 2*d. What is the tens digit of s?
3
Suppose 4*y + 5*g + 61 - 755 = 0, -4*y + 2*g + 680 = 0. What is the tens digit of y?
7
Suppose 9*x - 97812 = -29*x. What is the tens digit of x?
7
Let l(a) = -a**3 + 6*a**2 + 16*a - 9. Let t(q) = q**2 + 5*q. Let z be t(-6). What is the tens digit of l(z)?
8
What is the hundreds digit of -3 + 130/42 + (-5983)/(-21)?
2
Let i be (-1)/(-4)*-2*-6. What is the tens digit of (97/4 - i)*4?
8
Let l be 3*(1952/(-3))/(-8). Suppose 2851 = 11*m + l. What is the units digit of m?
7
Suppose -611*n + 605*n + 14616 = 0. What is the units digit of n?
6
Suppose -4*j - 32 = -l - 6, -5*l = -10. What is the units digit of (5 - 0)*j/(-2)?
5
What is the tens digit of -3 - (-290 + 0 + -10 + 13)?
8
What is the thousands digit of 106*(14/63 + 1676/72)?
2
Suppose -10*j = -2*j - 24. Suppose -6*t + 2385 = j*t. What is the hundreds digit of t?
2
Let k = 2095 + -1422. What is the hundreds digit of k?
6
Let j = 9 + -9. Let i = 19 + -7. Suppose 4 = -2*u, i = 2*v - u - j*u. What is the units digit of v?
5
Suppose -y = y + 3*g - 3558, 2*y - g - 3558 = 0. What is the units digit of y?
9
Let a(h) = 3165*h**3 + 14*h**2 - 13*h - 2. What is the units digit of a(1)?
4
Let i = -118 + 122. Let w(n) = 3*n**3 - 2*n**2 - 9*n + 18. What is the hundreds digit of w(i)?
1
Suppose 5*r - 4*x - 689 = 0, -4*x + 338 + 101 = 3*r. Suppose -45 = -0*f - 3*f. Suppose -f + r = 2*z. What is the units digit of z?
3
Let m be (2 - (2 - -1)) + -3 + 4. Let j be 1 - 1/((-2)/60). Suppose m = 2*r - 5*l - j, l - 20 = -r - 8. What is the tens digit of r?
1
Suppose 6*q = 2*q + 8. Suppose -q*z - 10 = 5*a, 3*a - a + 3*z + 15 = 0. What is the units digit of 0 + 0 - (-3 + a)?
3
Let n(f) = 3129 - 3110 - f + 4*f. What is the tens digit of n(13)?
5
Let w be -603 - 0*(-2)/(-6). Let f = -373 - w. What is the tens digit of (f/(-15))/(2/(-3))?
2
Let f(o) = 2*o - 4*o + 18*o**2 - 42 + 38. What is the hundreds digit of f(3)?
1
Suppose -17*v = 34*v - 84303. What is the tens digit of v?
5
Let p be 4/10 + (-216)/(-60). Suppose -w - 153 = -p*w. What is the units digit of w?
1
Let h = 8 - 6. Suppose -20 = 5*p - 3*a + h*a, -5*p = 2*a + 5. What is the tens digit of 2 + (33/(-1))/p?
1
Let q b